e first derivative of l**4/4 + 11*l**3/3 + 5*l**2/2 - 8*l - 5. Let u be f(-7). Let o = u - 8. Is o a prime number?
False
Suppose 111*v - 25*v = 12753628. Is v prime?
False
Suppose 2*g - 84558 = p, 826*p + 126831 = 3*g + 823*p. Is g composite?
False
Let b(l) = -180*l - 119. Let h be b(-9). Let v = -800 + h. Is v composite?
False
Let i be (-1)/(-1) + 44/4. Let f be (-4)/16 - (-87)/i. Suppose -5*j + f*j = 238. Is j a composite number?
True
Let u(r) be the third derivative of 451*r**5/60 - 19*r**4/24 - 91*r**3/6 + 12*r**2 + 1. Is u(-7) a composite number?
True
Suppose -3*u + 4531729 = 2*f, -2*u + 22*f = 24*f - 3021156. Is u a composite number?
False
Let f = -384 + 375. Is ((-66)/44)/(f/11406) a composite number?
False
Let l = 709 - -130. Let s = l - 285. Suppose -p + 1915 = s. Is p a prime number?
True
Suppose 22*u - 2122205 - 1652159 = 0. Is u prime?
False
Suppose -j + 5*q + 78252 = 0, 5*j + 646*q = 643*q + 391400. Is j composite?
False
Let a = -40 - -35. Let k be (a - -4)*(-2)/1. Suppose -7*d + k*d = -6385. Is d composite?
False
Let b = -15365 + 24318. Suppose -16*r + 28215 = -b. Is r a prime number?
False
Let w(m) = 5*m**3 - 12*m**2 - 4*m + 22. Let g(d) = -9*d**3 + 24*d**2 + 8*d - 44. Let h(q) = -6*g(q) - 11*w(q). Is h(-25) prime?
False
Let s(y) = y**3 + 4*y**2 + 3*y + 1. Let l be s(-2). Suppose g + 1 = l. Suppose -g*j = -342 - 496. Is j composite?
False
Let w(c) = c - 17. Suppose 0 = -22*k + 24*k - 46. Let n be w(k). Let t = n + 49. Is t a prime number?
False
Suppose 195*i - 192*i + 285103 = 5*n, -6*i = -24. Is n composite?
True
Let g be ((-35196)/18)/((-3)/387). Suppose -4*o + g = 39398. Is o/15 + (-1)/3 prime?
True
Suppose 1061232 = -36*v + 84*v. Is v a prime number?
True
Let m = 2898 - -849. Is (m/(-12) + -7)/(2/(-8)) a prime number?
True
Let y = -62564 - -104943. Is y a composite number?
False
Let a = -12096 - -12082. Let t(n) = 51 - 2 - 24*n - 6. Is t(a) a prime number?
True
Let l(b) = b**3 + 19*b**2 - 25*b + 23. Let c be ((-2)/3)/(12/(-3078)*-9). Let i be l(c). Suppose i + 20 = 2*m. Is m a composite number?
True
Let c be -2*(5 + 1135/(-10)). Let i = -339 - -47. Let s = c - i. Is s a composite number?
False
Let g = 332 - -374. Suppose 0 = -4*h - 4*i + 1844, 3*i + 522 - 77 = h. Let u = h + g. Is u a composite number?
False
Suppose -3*p = 5*j - 73193 - 97166, 170360 = 3*p + 4*j. Suppose p = 6*i - 29858. Is i a prime number?
False
Let y(a) = 197 - 7*a - 209 + 37*a**2 - 525*a**2. Let x be y(-2). Is x/(-15) + (-3)/(1/1) composite?
False
Let c(n) = -416*n**3 + 6*n**2 + 5*n + 4. Let d = 6 + -8. Let u be c(d). Suppose 4170 = 5*f + m + 4*m, 0 = 4*f + 2*m - u. Is f composite?
False
Let b = 113 + -108. Let a(q) = 16*q - 45. Is a(b) a composite number?
True
Let c = -2289 - -8956. Is c a prime number?
False
Let y(d) = -10*d**3 - 31*d**2 - 7*d + 99. Is y(-10) composite?
False
Let f = 192 - 138. Suppose -f*z + 62*z - 6632 = 0. Is z a composite number?
False
Let w = 51 - 32. Let i(t) = 6 - 1 - 21*t + 37*t - w*t. Is i(-6) a prime number?
True
Let a(z) = 2367*z**3 + 36*z + 149. Is a(10) a composite number?
False
Let l = -262 - -327. Suppose 61*o = l*o - 17212. Is o composite?
True
Let k(l) = 9*l**2 - 14*l - 12. Let c be 220/35 + -4 + 4/(-14). Suppose 13 = 2*g - 3*g + c*s, -29 = 3*g - s. Is k(g) prime?
False
Let x = -593 + 598. Let c(t) = 163*t - 138. Is c(x) a prime number?
True
Let z(i) be the third derivative of -i**6/120 + i**5/20 - i**4/12 + 1373*i**3/6 - 30*i**2. Is z(0) prime?
True
Suppose -4*q + 20 = 0, 0 = -22*r + 19*r + 2*q - 10. Suppose -8*g + 11638 + 13890 = r. Is g composite?
False
Let g(j) = 3*j - 19. Suppose -5*f - 8 = 12. Let v be g(f). Let w = 232 + v. Is w prime?
False
Suppose -72*s + 2121 = -51*s. Suppose -95*c - 6522 = -s*c. Is c composite?
False
Let j(u) = 144*u - 617. Is j(28) prime?
False
Let n = 127607 + -89026. Suppose 8*a = 8115 + n. Is a a prime number?
False
Let a(h) = h**2 - 9*h + 8. Let k be a(8). Let u be (-6 - -14) + (k/(-1) - 0). Is (25 + -3)*1124/u composite?
True
Let c(p) = p**2 + 38*p + 267. Let q be c(-29). Is (-6 - -1) + q + -3 + 868 prime?
False
Let o be (-273)/12 + (-9)/(-12). Let j(d) = -d**3 - 8*d**2 + 44*d - 53. Is j(o) prime?
False
Is ((-88)/32)/(1/((-4)/(-3)*-241953)) composite?
True
Let q(w) = -w**2 - w + 15. Suppose 5*l = -4*l + 11*l. Let b be q(l). Let o = 164 - b. Is o a composite number?
False
Suppose -5*z = -r + 51, -2*r + 49 = 3*z + 12. Is 490797/117 - (-4)/r a composite number?
True
Let u = -736 + 828. Suppose -u*y + 89*y + 27393 = 0. Is y prime?
False
Suppose 367 = -6*a + 31. Let p be a/12*(-3)/4*2. Suppose -b + 2638 = -2*h + p*h, -4*h = b - 2111. Is h a prime number?
False
Let d = -145 - -101. Let l be 44080/d - (-2)/(-11). Is (l/(-4))/1 - (-5)/10 a prime number?
True
Let z(x) = -72*x + 286. Let p be z(10). Let t be ((-6)/(-4))/((-1)/(-622)). Let w = t + p. Is w a composite number?
False
Let u(i) = -847*i - 51. Let v be u(-8). Suppose 2*q - 4*w = -2*q + 8960, -3*q + 2*w = -v. Is q a composite number?
True
Let n(r) = -r**3 + 120*r**2 - 49*r + 1969. Is n(112) a composite number?
True
Let y(a) = 94*a**2 + 9*a - 33. Let i be y(4). Suppose -5855 + i = -4*j. Is j a composite number?
False
Suppose 0 = 525*x - 66986608 - 83811866 - 192236001. Is x a prime number?
False
Let b = 14455 + -9007. Let y = -3115 + b. Is y prime?
True
Let q(g) = -18*g**3 - g**2 + 4*g - 3. Let v be q(2). Let u = v + 599. Suppose 2*n - n + b - 160 = 0, 5*b = 3*n - u. Is n composite?
False
Suppose -24349*c + 24354*c - 25821 - 25814 = 0. Is c a prime number?
False
Let x(r) = 70*r**2 - 37*r - 449. Is x(-26) prime?
False
Let p = -270 - -633. Is (-12)/2*(-3 + p/(-6)) prime?
False
Let o(y) = -51*y**3 + 23*y**2 - 12*y + 5. Let s(d) = 34*d**3 - 15*d**2 + 8*d - 4. Let p(q) = 5*o(q) + 8*s(q). Is p(3) a composite number?
False
Let a be 29049 - 5/(-7 - -2). Suppose 5*t = 5*v - a, 5 = 3*t - 4. Is v a prime number?
True
Let f be (3 + -6)/(1 + (-74)/68). Let v = 36 - f. Is 1/3 - (v + (-746)/3) composite?
True
Suppose -39*l + 35*l + 3*r = -616605, 5*r + 616611 = 4*l. Is l a composite number?
True
Let a(f) = 519*f + 1. Let x be a(1). Suppose 3*g + 2*c = -c + 516, -c - x = -3*g. Suppose -11*j + 3660 = g. Is j a composite number?
False
Let g(x) = 135*x**3 - 4*x**2 - 68*x + 353. Is g(6) a composite number?
False
Let u(v) = -10560*v**3 + 7*v**2 + v - 7. Is u(-1) composite?
False
Let c = 75813 + 2222. Is c a composite number?
True
Suppose -18*l - 4738550 = -15*l - 28*l. Is l prime?
False
Is 150113 + 0/(-2) + (-53)/((-742)/(-84)) a prime number?
True
Let u(r) = 247*r**3 + 3*r**2 + 35*r - 59. Is u(8) composite?
True
Let k(f) = 0*f**3 + 2 - 7*f**3 + 6*f**3. Let c be k(0). Suppose -4370 = -5*l + 5*j, c*j + 9 = 5*j. Is l a composite number?
False
Suppose 117*z - 240528566 = -269*z. Is z a prime number?
False
Let v = -56 - -55. Let d be (2 + -3)/(((-3)/(-1194))/v). Suppose -7*a + d = -379. Is a a prime number?
False
Let j be 3/(6/(-8))*38. Let y(v) = 6*v - 162. Let b be y(14). Let f = b - j. Is f a prime number?
False
Suppose -14*d - 107912 = -61*d. Suppose l - d = 10*g - 7*g, -l - 5*g + 2312 = 0. Is l a composite number?
True
Suppose -16*t - 447780 = -26*t. Suppose 4*j = -662 + t. Is j prime?
False
Let z = -25 + 25. Let v be (-3)/5 - (-5994)/15. Suppose z = 2*d - 1573 + v. Is d a composite number?
False
Let j(c) = -2*c + 20. Suppose -5*a + 19 = -26. Let r be j(a). Is (-691)/r*(8 + -10) a prime number?
True
Suppose -17*k = -19*k + 4*f + 71174, 5*k = -f + 177957. Is k prime?
True
Let b(r) = 153*r**2 - 67*r + 958. Is b(15) prime?
False
Is ((-26243119)/1126)/(1*(-1)/2) a prime number?
False
Let o(p) = 2751*p**2 + 34*p + 206. Is o(-9) a prime number?
True
Let h = -5 + 13. Let a(i) = i**2 - 9*i + 13. Let s be a(h). Suppose 4*n + 0*f - 3*f = 2702, f = s*n - 3383. Is n a prime number?
True
Let q(x) = -207*x + 8. Let f be q(20). Let w be 26/39 - f/(-6). Let a = w + 1193. Is a composite?
True
Let n = -191 - -214. Suppose -n*v - 10*v = -199617. Is v a composite number?
True
Suppose 2*a = 5*s + 33, -a + 4*s = -s - 29. Suppose a*h - h = 10671. Is h a prime number?
True
Let m(t) = -502*t + 1499. Is m(-66) composite?
False
Let p = -169325 + 365188. Is p prime?
True
Suppose -g - 2*b = 1584, g + 0*g - b = -1575. Suppose -13*t + 22170 = -10291. Let l = g + t. Is l a composite 